te 13 - (18 - (44 - 9 - 12)).
18
What is -6 + (-12 - -29) - 20?
-9
What is 20 + 0 - ((1 - 1) + (-33 - -33))?
20
What is (1 - 12) + 11 - (-10 + -3)?
13
What is -4 - -16 - (7 - -16)?
-11
Calculate 26 - (-15 + 14) - 26.
1
7 + 4 - 10 - 13
-12
What is the value of -12 - -5 - (10 - -1 - 12)?
-6
What is the value of -20 + -8 + 13 - -21?
6
What is (-20 - 5) + 28 + (9 - 1)?
11
Calculate -2 + 9 - (9 - (11 + -9)).
0
What is 6 - (0 - -1) - (-64 + 105 + -52)?
16
6 + -3 + -1 + -8 + (4 - 4)
-6
2 + (2 + 3 - (12 - 4)) + 14
13
Evaluate (-24 + 1 - (10 + -15 + -1)) + 7.
-10
Evaluate -26 + -7 - (72 + -103).
-2
(-55 - (-61 + 29)) + 4
-19
What is the value of (-61 - (-6 - 15)) + 70?
30
What is the value of -9 - (2 + 0 + -10)?
-1
-1 + (5 - 1) - 42 - -10
-29
Calculate 22 - 24 - (3 + 0).
-5
Evaluate (-9 - (0 - -1)) + (82 - (78 - 3)).
-3
Calculate -13 - (18 + -8 + -11 - 3) - -19.
10
Calculate -2 + (12 - 12) + (-3 - -11).
6
(-20 - (7 + -20)) + -11
-18
What is -3 - 13 - (-32 - -4)?
12
Calculate (2 - (7 + -1 + -10)) + 12.
18
What is 27 - (1 - 10 - (-47 - (-38 + 2)))?
25
48 + -57 + (1 - 9) - -8
-9
What is the value of 0 + 1 + -7 + 18 + -13 + -9?
-10
What is (-3 - (6 + 9 + (8 - 17))) + 16?
7
What is (-5 + 22 - 9) + -3 - 5?
0
13 - (36 - 34 - (2 + (-5 - 0)))
8
Calculate 3 + -1 + -5 - -17 - 0.
14
(13 - 2 - 2) + -2
7
What is 25 - (-11 + 13 - (-4 + 8) - 3)?
30
-3 - 6 - ((-6 - 2 - -6) + -4)
-3
What is (23 + -39 - -11) + (15 - 2)?
8
What is -4 + 9 - 9 - (1 + 2)?
-7
What is the value of 2 + 2 - (-11 - -47 - (-21 - -17))?
-36
What is 7 + 0 + -32 + 13 + 4?
-8
Evaluate 2 + -26 + 5 - (-3 + -4 - -4).
-16
Calculate (8 + -10 + 5 - 14) + 45 + -9.
25
What is (26 - ((-3 - -3) + 1)) + -1 + -7?
17
6 - ((1 - 9 - -5) + (6 - 2))
5
18 - (-26 + 42) - 5
-3
Calculate (-7 - -13) + (-3 - -8 - 9) + 12.
14
What is the value of 172 + -127 + (4 - (24 + -4))?
29
What is the value of 381 + -383 + (1 - -16)?
15
Evaluate 2 + 1 - (41 - 29).
-9
12 + -15 + (1 - -9) + 0 + -5
2
What is the value of -7 + 0 - (3 - (1 + -5 + 6))?
-8
Evaluate (2 - 17) + -13 + (-10 - -32).
-6
Evaluate 4 - (0 + 19) - -4.
-11
What is the value of -8 - (-15 + 35) - -14?
-14
Evaluate 22 - 15 - (6 - -18) - 12.
-29
Evaluate -11 + 23 + -25 + 5.
-8
What is 7 + -19 + (-6 - -44)?
26
What is 28 + 1 - (3 + (11 - 1))?
16
-52 + 34 - (21 - 18)
-21
-21 + -1 - (5 - 23)
-4
What is -5 + 0 + (-5 - 4) + 16 + -8?
-6
What is 4 - (9 + (-4 - -3) - 2)?
-2
What is (0 - (-2 + 0)) + 372 + -364?
10
What is the value of (-15 - -22 - -2) + (3 - 21) - 3?
-12
Calculate 25 + -14 + -13 - (9 + 0).
-11
What is the value of (501 - 505) + 1 + 7 + 2 + -2?
4
Calculate -5 + -10 + (-7 - (0 + -3 - 0)).
-19
(6 - (-2 + 11)) + -4
-7
What is the value of 1 + -1 + (7 - 1) - (435 + -428)?
-1
Calculate (-6 - -1) + 0 + (12 - 9).
-2
Calculate -36 + 66 - (11 + -1) - -4.
24
(-2 - (7 - (4 - -20)) - 4) + -6
5
What is the value of 0 + -7 - (10 + 1 + -57 + 50)?
-11
Calculate 0 - 12 - (-28 + (-14 - -53)).
-23
Calculate -3 - (-5 + (20 - (-1 - -7))).
-12
What is -8 - (-4 - -7) - (-3 - (-18 - -4))?
-22
Calculate (17 - -8) + -25 + -4.
-4
-8 + (452 - 443 - (12 + -1 + 0))
-10
Evaluate 2 - (5 - ((4 - -1) + -6) - 24).
20
Evaluate -10 + 0 + (12 - 6) + -8.
-12
What is (-2 - 26) + 41 + 6?
19
What is 7 + -11 - (23 + -8) - -4?
-15
Calculate 2 + (-10 - (-3 + -4) - (-37 - -8)).
28
What is -4 - ((-8 - -20) + -12 - 7)?
3
Evaluate 17 + (15 - 35) - -21.
18
What is 2 - (1 + 7 - 1 - 9)?
4
Calculate 24 + -13 + (-2 - -8) + -5 + 0.
12
5 - (9 - 8) - (0 + -4)
8
What is 18 + -25 + (-19 - -29)?
3
Evaluate 37 + (9 - 14 - (-2 - -3)) + 0.
31
Calculate 12 + (3 - (-8 - -11)).
12
Evaluate -3 + -18 - (-33 + 33).
-21
Calculate 0 - ((-12 + -5 - -19) + (6 - 1)).
-7
What is the value of (8 - -3) + (-4 - -7) + -11?
3
What is the value of -3 + 31 + (-15 - 1) + -48?
-36
Evaluate (-411 - -402) + (-3 - (8 + -2)).
-18
What is 12 + -45 - (-47 - 8)?
22
Calculate (7 - 29) + -34 - -28.
-28
What is the value of 2 + -1 + 8 + 12 + -14?
7
Calculate 12 + -8 + -3 + 6.
7
Evaluate (24 + -20 - (2 - 6)) + -12.
-4
Calculate ((1 - -41) + -5 - 14) + (-9 - -1).
15
Evaluate 22 + -25 - -58 - 31.
24
What is the value of (-35 - (5 + -29)) + 3 + -2?
-10
85 - 95 - (-14 + -3)
7
-18 + (18 - 14) + 9
-5
Calculate 4 + (14 - 11) + -20.
-13
-1 + (-18 + 6 - -6) + -2 - -3
-6
Calculate (-16 - -19) + -7 + 4 + -4 + 11.
7
Calculate -5 + -6 + -4 + 12.
-3
Calculate -20 - (-1 + -35 + 15) - (1 + -15).
15
What is 23 - ((3 - 1 - 6) + 4 + 3)?
20
Evaluate -19 + -29 + 31 - (1 + -2).
-16
12 + 10 + (11 - -1) + -29
5
Calculate 18 + (-5 - 2) + (-3 - 1).
7
Evaluate 10 + (4 - 10) + -1 + -8.
-5
What is the value of 27 + -27 + (-5 - -9)?
4
What is the value of -152 + 137 + (-2 - -19)?
2
What is the value of (-10 - 0) + 0 + 2 + 7?
-1
What is -71 - -72 - (1 - -3)?
-3
Evaluate 1 - (11 + (-32 - -11)) - 25.
-14
Evaluate 30 + (-11 - (-2 - (15 + (-2 - 4)))).
30
Calculate (-43 - -33) + (1 - -1 - -5).
-3
What is the value of 18 + (29 - 4) + (-2 + 4 - 10)?
35
Calculate -1 + 1 + 12 + 2 - (15 + -8).
7
9 - -2 - (-19 - (-15 - 11))
4
3 + 4 - (15 - 4)
-4
Evaluate 114 + -97 - (1 + 14).
2
(-3 - 6) + (-7 - (-10 + 13)) + 3
-16
Evaluate 12 - (1 + (4 - 0 - (23 + -25))).
5
What is 0 + 0 + (-1 - -3) - (592 - 596)?
6
Evaluate -10 + 2 + -4 + 34 + -10.
12
-1 + (-29 - -1) - ((38 - 5) + -41)
-21
-12 + -16 - -8 - -57
37
What is the value of 11 + (-5 - 9) + 13 + -5?
5
What is the value of 10 - (-22 + 17) - 6?
9
What is (-2530 - -2534) + 0 + 1 + -20?
-15
What is (-5 - 4) + (39 - (7 - 3) - -3)?
29
Evaluate -5 + (22 - 3) + -17 + -1 + -6.
-10
Evaluate -7 + (0 - (-12 - -21)) + 12.
-4
What is 7 + (-17 - -23 - 37)?
-24
Calculate 18 - (20 - -3 - 5).
0
Evaluate -5 + 8 + -1 + -4 - 2.
-4
What is -4 + 6 + (5 + -4 + 1 - -4)?
8
What is 27 + (10 - 16 - -7 - (-2 - -8))?
22
What is the value of -16 + 22 - ((-18 - -14) + -2 + 0)?
12
What is (-9 - (-15 - -13) - (-4 - 2)) + 2?
1
Calculate (100 - 74 - (1 + 0)) + 10.
35
Evaluate 1 + (0 - (0 + 1)) + -14.
-14
What is the value of 13 + (-19 - -7) + -6?
-5
What is 6 + -2 + (0 + 6 + -11 - -1)?
0
Calculate 14 + (-18 - -13 - 13).
-4
Calculate 8 + (36 - 76) + 2 + 4.
-26
Evaluate (19 - 43 - 0) + -3.
-27
Calculate 2 + 4 - (115 - 99 - (4 - -1)).
-5
Evaluate (16 - (7 + 12)) + 5.
2
Evaluate 17 + -1 - (-115 + 155).
-24
What is the value of -12 + 6 + 11 - 0?
5
Calculate -216 - -197 - (1 - 8).
-12
Evaluate -9 - (-19 - (16 + -35)).
-9
What is -5 + -8 + 15 + -19?
-17
Calculate 3 + (-6 - (-30 - -4)).
23
Calculate -7 - (-7 + -5) - (-1 + 9).
-3
Evaluate (3 + 3 + -1 - -8) + -42.
-29
Calculate 26 + 49 + -67 + 0 + (-4 - 1).
3
-4 + 9 + 10 + -10
5
Calculate 22 + 2 + 11 - 32.
3
What is the value of (-2 - 3) + -19 - -46?
22
What is the value of -12 - (-3 + -4) - (4 + -17)?
8
(-4 - (6 + -4 + 12)) + (94 - 93)
-17
4 + 4 + (-28 - -27)
7
Evaluate 18 - (-20 + 26 - 6).
18
Calculate -448 + 429 + 25 + 2.
8
Evaluate 11 - (-12 + 48 + -17).
-8
What is the value of -136 - -138 - (1 + -5 - -3 - 0)?
3
Evaluate 13 - (2 + (7 - 18)) - 4.
18
What is 2 - (-4 + 2) - (47 + -35) - 2?
-10
Evaluate 11 + -9 - (-7 + (4 - 3) + 18).
-10
Evaluate -4 + (-3 - (4 + -6)) + (10 - 12).
-7
Calculate 6 + 30 + -20 + -11.
5
What is the value of (-11 - (-9 + 10)) + 2 + 5?
-5
What is the value of 6 + ((1 - 2) + -4 - -3) + 6?
10
What is the value of 12 - (29 + -34 + 30)?
-13
What is the value of -8 + (-1 - 5) + 5 + 2 + 0?
-7
What is (45 - 28 - 37) + 19?
-1
Evaluate -17 - ((-6 - 1) + 2 + 0).
-12
Evaluate (-57 - -51) + 3 + -11.
-14
What is the value of -1 + (21 - 17) + -5 - (-2 - -8)?
-8
What is the value of (-1 - (3 + -1)) + (56 - 65)?
-12
-26 - (7 + -11) - -9
-13
Calculate 0 + (8 - -3 - (-2 - -7)).
6
What is (-3 - -2 - -11) + -9 + (7 - -1)?
9
Evaluate -24 - 0 - 0 - (-19 - (-15 + 2)).
-18
What is the value of 1 + -12 - (191 + -197)?
-5
4 + (-10 + 1 - (-19 + (-1 - -8)))
7
7 + -5 - -9 - (-19 + 31)
-1
What is the value of -23 + 14 + 8 - (-11 + -1)?
11
Evaluate (-22 - -13) + 18 + -4 + 0.
5
9 - -24 - 26 - ((-8 - -1) + 2)
12
What is -7 - (-1 + -24 - -8) - -4?
14
Evaluate 0 + (-8 - (7 - (2 + 7)) - -18).
12
Calculate -6 + 127 + -114 + (-4 - 0 - 1).
2
-1 + 13 - 22 - -17
7
Evaluate -13 + -1 - (14 + -31 + 12).
-9
What is the value of 2 + 9 + (-3 - -1) + 3 + 1?
13
Evaluate 7 + (-18 - -9) + -37 + 17.
-22
-5 - 1 - (-14 + 7 + 8) - -2
-5
-2 + 14 + 0 + 20 + (-8 - 21)
3
Evaluate 